5/(-10) + 3/6. Calculate the remainder when f(l) is divided by 18.
12
What is the remainder when ((-7)/(-2))/((-18)/(-756)) is divided by 51?
45
Let i(y) = 14*y + 1. Suppose -104*s + 44*s = -3300. Calculate the remainder when s is divided by i(1).
10
Let m(r) = 2*r**2 + 21*r + 13. Calculate the remainder when 86 is divided by m(-11).
14
Let b(g) = -2*g - 11. Let w be b(-7). Suppose -3*z = -w*p + 51, -11 - 6 = -p + 3*z. What is the remainder when 33 is divided by p?
16
Let c = -2052 + 2140. Calculate the remainder when c is divided by 27.
7
Suppose -4*z + 93 = 25. Let o(s) = 2*s + 4. Calculate the remainder when o(z) is divided by 11.
5
Suppose -3*s - 4*f - 10 = 0, s = -s + 2*f - 16. Let h = 10 - s. Calculate the remainder when 3152/88 + 8 - 4/(-22) is divided by h.
12
Suppose -g - 3*g = -16. Suppose -g*w + 2*z + 222 = 0, -96 = 2*w - 4*w - 4*z. What is the remainder when w is divided by 15?
9
Let s(c) = -c - 4. Suppose -1 = -4*d + 7. Let t be (3 - 2 - d) + -8. Calculate the remainder when 13 is divided by s(t).
3
Let f(m) = 14*m**2 - 2*m - 8. What is the remainder when 215 is divided by f(-2)?
7
Let t be 2/(2/12*-4). Let u(y) = 2*y + 6. What is the remainder when u(1) is divided by 2*3/t*-2?
0
Let c(q) = 7*q + 4*q - 3*q. What is the remainder when (-2568)/(-33) - 28/(-154) is divided by c(5)?
38
Calculate the remainder when (-49)/(-21)*(5 - -4) is divided by (-6)/(-15) - (-88)/5.
3
Let v = 118 + -103. What is the remainder when 88 is divided by v?
13
Let n = -157 + 203. What is the remainder when n is divided by 8?
6
Let a be (72/21)/(1/7). Let i = 37 - a. Suppose 4*x + 22 - 118 = 0. Calculate the remainder when x is divided by i.
11
Let r = -345 - -554. Calculate the remainder when r is divided by 70.
69
Suppose -17*v + 14*v + 6 = 0, 0 = o - 2*v - 58. Calculate the remainder when o is divided by 36.
26
Let f be (1*10)/((-30)/(-45)). Suppose -11 = j - f. Let n = 0 - -3. What is the remainder when j is divided by n?
1
Let b(p) = -p + 14. Let d(y) = -2*y + 27. Let g(q) = 5*b(q) - 2*d(q). Let o be g(8). Let l = 16 - o. What is the remainder when 12 is divided by l?
4
Let v = 1317 - 1173. What is the remainder when 536 is divided by v?
104
Let v be 2/(-3) + 24/9. Suppose -22*h + 277 - 45 + 10 = 0. Calculate the remainder when h is divided by 50/18 - v/(-9).
2
Let m(w) = -338*w - 6. Let j be m(-3). Calculate the remainder when j/12*2/3 is divided by 19.
18
Suppose 0 = 3*i - 102 - 147. Suppose o = 3*o - b - 47, 0 = 3*o + b - i. Let s = o + -17. What is the remainder when 24 is divided by s?
6
Let v = -646 + 673. Calculate the remainder when 75 is divided by v.
21
Let p = -226 - -257. What is the remainder when 96 is divided by p?
3
Let w(v) = -19 - 4*v + 16*v - 10*v. Let x be w(12). Calculate the remainder when x/(10/92) - 0 is divided by 8.
6
Suppose 98 + 163 = 9*j. What is the remainder when j is divided by 6?
5
Suppose 0 = 127*g - 132*g + 190. What is the remainder when 121 is divided by g?
7
Let m = 107 - 60. Calculate the remainder when m is divided by 8.
7
Let w = 16 + -16. Suppose 40 = 4*h + 3*a - 6*a, -4*a - 16 = 0. What is the remainder when h is divided by (w - 2)*(-30)/12?
2
Suppose i = 26 - 15. Let m(b) = b**3 + 7*b**2 - 6*b - 8. Calculate the remainder when m(-6) is divided by i.
9
Let a(f) = 2*f**2 - f - 2. Let h be a(-1). Let m(v) = -v + 2. What is the remainder when m(-5) is divided by h + -2 + (-5)/(-1)?
3
Let i = -143 + 173. Suppose -5*z + 4*h + 208 = 0, -z - 5*h = -0*h - i. What is the remainder when z is divided by 21?
19
Suppose 9*x + 17 - 44 = 0. Suppose -o - x*k = -19, -2*o - o = -4*k - 83. What is the remainder when o is divided by 9?
7
Let i = 3928 - 3913. Suppose 9 = u - 63. What is the remainder when u is divided by i?
12
Let g(f) = f**3 - 8*f**2 + f + 1. Let x be g(8). Let l = -15 + x. Let o = -1 - l. Calculate the remainder when 8 is divided by o.
3
Suppose 0 = -u - 5 + 2. Let g be (-252)/8 + u/2. Let f = g + 44. Calculate the remainder when 18 is divided by f.
7
Calculate the remainder when 959 is divided by (-2904)/(-72) - (-1)/(-3).
39
Let k = 223 - 213. Calculate the remainder when 16 is divided by k.
6
Let n(b) = 4*b**2 + 14*b - 36. Calculate the remainder when n(4) is divided by 11.
7
Suppose 3*t - f - 4 - 15 = 0, -4*f = 5*t - 43. Suppose t*u = 6*u + 75. Calculate the remainder when u is divided by 6.
3
Let l be ((-12)/(-4) - -6)*-1. Let q = -11 - l. What is the remainder when q/10 + 321/5 is divided by 33?
31
Suppose b + 2*b = -5*g + 8, -4*g = b - 5. Let q = -20 - -32. What is the remainder when q is divided by (g + -2)/((-3)/15)?
2
Calculate the remainder when 112 is divided by ((-25)/10)/((-1)/10).
12
Suppose 3*v + 9 = 4*z - 0*z, 5*v - 5 = 0. Suppose -z*j = g + 4, 3*j + 2*j - 19 = -4*g. Let w = 76 - g. What is the remainder when w is divided by 11?
10
Let w = 23 + -19. Suppose -w*h + 32 = -4*c - 36, -37 = -2*h + c. Suppose 3*u + 5 = h. Calculate the remainder when 17 is divided by u.
2
Let h be (-4 + -4)/((-1)/2). Let s = h + -12. Let c(w) = w - 2. What is the remainder when c(s) is divided by 1?
0
Let c be 0*(-4 - (-13)/3)*3. Suppose -2*f + 5*t + 153 = c, 0 = -4*f + 4*t + 424 - 88. What is the remainder when f is divided by 18?
17
Let a = -38 - -61. Suppose 0 = 3*c - 61 + 22. Calculate the remainder when a is divided by c.
10
Let j(i) be the second derivative of i**5/20 - 5*i**4/12 - i**3/3 + 9*i**2/2 + i + 15. Calculate the remainder when j(6) is divided by 6.
3
Let v(s) be the first derivative of -s**2 + 2/3*s**3 + 4 - 5*s. Calculate the remainder when 56 is divided by v(4).
18
Suppose o - 4*s = -8*s + 291, -4*o = 4*s - 1104. What is the remainder when o is divided by 21?
19
Let l = 21 + -19. Suppose 3*d = 2*w - w + 54, -101 = -5*d - l*w. Let k = 44 - d. What is the remainder when 48 is divided by k?
23
Let u = 265 - 234. What is the remainder when 112 is divided by u?
19
Let v = 13 - 9. Suppose -v*g - 700 = -0*g. Let p = 269 + g. Calculate the remainder when p is divided by 24.
22
Let d(k) = k**2 + 3*k + 1. Suppose -18 = -2*i + 16. Calculate the remainder when i is divided by d(-5).
6
Let h = -1079 + 1101. Suppose 0*g = -2*g + 12. What is the remainder when h is divided by g?
4
Let c(f) = -f**2 + 6*f + 22. Let r be c(9). What is the remainder when 54 is divided by (-572)/(-20) + 3/r?
26
What is the remainder when 64/96*(-282)/(-4) is divided by 25?
22
Suppose -12 = -w + 58. Calculate the remainder when w is divided by ((-280)/350)/(2/(-45)).
16
Let u(t) = -7*t + 4 - 1 + 8*t - 4. Let y be u(4). Suppose -k = -y*k + 140. Calculate the remainder when k is divided by 36.
34
Let r(w) = w**2 - 13*w + 28. Calculate the remainder when (-6)/(-14) - 1510/(-70) is divided by r(11).
4
Let c = -13 - -22. What is the remainder when 6 + 80/4*1 is divided by c?
8
Suppose -2*o + 6*o - 108 = 0. Suppose o = -3*m + 108. Suppose -m = -4*x - 7*y + 2*y, 5*x + y - 60 = 0. Calculate the remainder when x is divided by 8.
5
Let v be 2 + 9 + -2 + 6. Suppose -v*r + 836 = -4*r. Calculate the remainder when r is divided by 11.
10
Let q = -3 - -20. Suppose -180*r = -4*y - 178*r + 28, -3*y + 24 = -3*r. Calculate the remainder when q is divided by y.
5
Suppose -5*i + 2*b + 262 = -i, b + 257 = 4*i. Let y = i - 30. What is the remainder when y is divided by (21/(-14) - -2) + 85/10?
6
Let v(d) = -10*d + 72. Calculate the remainder when v(6) is divided by 9.
3
What is the remainder when (60/(-50))/((-1)/115) is divided by 26?
8
Let b(v) = 6*v**2 + 4*v + 3. Let d be -5 - -5 - (-73 - -1). Let x = d + -35. Calculate the remainder when x is divided by b(-2).
18
Suppose 0 = 56*m - 421 - 755. Suppose 73 = s - 2*x, 68 - 457 = -5*s + 2*x. What is the remainder when s is divided by m?
16
Suppose 53 - 357 = -8*z. Suppose z = 3*m + 5*p, -m - 4*p + 4 = 3. What is the remainder when m is divided by 12?
9
Let b = 19 + -17. Suppose b*u - 20 = -3*z, -2*u + 3*u + 2*z = 12. Suppose 0 = v - u - 3. Calculate the remainder when v is divided by 5.
2
Suppose 0 = -3*h + 5*r + 14, 2*h - 2*r + 2 = 10. Suppose -5*v = c - 17, 3*c + h*v = 50 + 25. Calculate the remainder when c is divided by 7.
6
Suppose 5*k = -2 - 3. Let g(j) = -8*j - 1. Let f be g(k). Let o = f + 7. What is the remainder when o is divided by 4?
2
Suppose 9*r - 240 = 129. Calculate the remainder when 19